ist the prime factors of b.
3
Let m(b) be the second derivative of b**5/20 + 7*b**4/12 + 5*b**2/2 - 2*b. What are the prime factors of m(-7)?
5
Let t be 1 + (-1)/(0 + -1). Suppose -b + 2*i = -1, 2*b = -b - t*i + 27. List the prime factors of b.
7
Let o be 178/4 - (-3)/2. Suppose 50 = -2*w + 3*c, 0 = 5*w - 0*w - 3*c + 143. Let r = o + w. List the prime factors of r.
3, 5
Let w(g) = 2*g**2 + 6*g. Let z(m) = -m**2 - 3*m. Let r(d) = 3*w(d) + 5*z(d). Suppose -5 = -2*s + 3*s. What are the prime factors of r(s)?
2, 5
Suppose 76 = -2*v - 2*v. Let c = v - -31. Suppose 0*o + 4*o - 4*b = c, 3*b - 5 = o. List the prime factors of o.
7
Let l(m) = -m**3 + 4*m**2 - m + 5. Let r be l(4). Suppose -19 = -a + r. What are the prime factors of a?
2, 5
Suppose 0 - 15 = 5*t. Let x(n) = 3*n**2 - n - 5. List the prime factors of x(t).
5
Suppose 3*v = 15, v = 2*j + 2*j - 3. Let n(i) = -3*i. Let r be n(-1). Suppose o = -r*g + 32, 5*o + 8 = -j*g + g. What are the prime factors of g?
2, 3
Let g = -188 - -112. Let m = -48 - g. Suppose 5*x + 28 = 2*p, 3*p - 14 = x + m. What are the prime factors of p?
2, 7
Let i be (-6)/3*(-4)/(-8). Let m be ((-3)/(-1)*-1)/(-1). What are the prime factors of i + 39/m + -2?
2, 5
Let x be (8/(-12))/1*-72. Suppose -5*f + x = 4*d, -5*d + 0 + 10 = 0. What are the prime factors of f?
2
Let n = 245 - 66. List the prime factors of n.
179
Suppose -2*p + p + 40 = 0. Let b = p + -29. Suppose 0*q - q + b = -a, 0 = 4*q - 2*a - 34. List the prime factors of q.
2, 3
Suppose 5*j + 140 = 2*g, -2*g - 3*g + 381 = 3*j. What are the prime factors of g?
3, 5
What are the prime factors of (-13)/(5/(-69 + 4))?
13
Let n(b) = -b**2 + b + 84. Let w be n(0). Suppose m = 5*m - w. What are the prime factors of m?
3, 7
Suppose 9 = -3*m, -4*q - m - 4*m = 7. Let w = q + -1. Let v = 1 + w. What are the prime factors of v?
2
Let a = -11 - -15. Suppose -a*p + 46 = -26. What are the prime factors of p?
2, 3
Let p(c) = c**3 - 4*c**2 + 4*c + 2. Suppose 5*v + 2*x - 28 = -0*x, 24 = 5*v + x. What are the prime factors of p(v)?
2, 3
Let t = -10 + 10. Let i(j) = 2*j + 11. What are the prime factors of i(t)?
11
Let b be 54/15 + (-4)/(-10). Suppose 5*w + 44 = -0*y + 2*y, 0 = 4*y + b*w - 60. What are the prime factors of y?
17
Let x = -10 - -6. Let m be (-215)/10 + (-2)/x. Let d = m + 29. List the prime factors of d.
2
Let z be -10 + -3 + 3 - 1. Let o(m) = -m**2 - 14*m - 1. List the prime factors of o(z).
2
Let k be 36/10 + (-4)/(-10). Suppose -k*p = -r + 2*r - 8, 3*r - 5*p = 24. Suppose 3*s + 2 = -2*o + 8, -4*s = -o - r. What are the prime factors of s?
2
Suppose -22 = -2*h - 2*z + 32, 33 = h - 2*z. What are the prime factors of h?
29
What are the prime factors of 2 + 11/(11/54)?
2, 7
Let d = 17 - -32. What are the prime factors of d?
7
Suppose -3*c + 7*c = 404. List the prime factors of c.
101
Suppose 1 = -3*o + 10, -4*g + 5 = -o. Suppose 15 + 2 = 2*d + 3*x, -g*d = x - 23. Let s = 18 - d. List the prime factors of s.
5
Suppose 0*y = -2*y - 12. Let m = 16 + y. List the prime factors of m.
2, 5
List the prime factors of 62 - 2/(0 - -1).
2, 3, 5
Let s(t) = 14*t**2 - t - 13*t**2 + t + 1 + t. Suppose 2*n - 3 = 7, 8 = -i + 2*n. List the prime factors of s(i).
7
Suppose -k + 13 = 4*t, 5*k = -5*t + 29 - 9. Let q = -9 + 20. Let c = k + q. What are the prime factors of c?
2, 3
Suppose 85 + 2368 = 11*r. List the prime factors of r.
223
Let h = -39 - -75. List the prime factors of h.
2, 3
Let q(w) = w**3 - 7*w**2 - 7*w - 5. Let n be q(8). Let d be 2*-2*2/(-4). Suppose -n*k + 21 = l, 3*l = d*l + k + 1. List the prime factors of l.
2, 3
Let u = -3 - -4. List the prime factors of u/(((-3)/(-132))/1).
2, 11
Let p(m) = 41*m**2 + 1. What are the prime factors of p(1)?
2, 3, 7
Suppose -2*t = -4*w + 62, 5*t - t = -5*w + 97. List the prime factors of w.
17
Let y(q) = 25*q + 35. What are the prime factors of y(4)?
3, 5
Suppose 0 = -i - 4, 0 = 5*n - 3*i + 4*i - 21. Let o(k) = -k**3 + 5*k**2 - 2*k - 2. Let u be o(4). Suppose -71 = -n*h - u. List the prime factors of h.
13
Let d(r) = 3*r + 1. Let g = 11 + -6. What are the prime factors of d(g)?
2
List the prime factors of 37/(-2)*(1 - 3).
37
Suppose -d = 1, 2*d = w - 3*d - 11. Suppose -54 = -5*c + w*y - 2*y, -5*y - 5 = 0. Suppose r + r - 4*g = 36, 0 = 5*g + c. What are the prime factors of r?
2, 7
Let j(p) = -p**3 + 6*p**2 + 7*p + 2. Let k be j(7). Let m be ((-8)/6)/(k/(-3)). Suppose 0*r - r + 8 = m*y, -2*y - 4 = 4*r. What are the prime factors of y?
2, 3
Suppose 3*t + 0*t - 11 = -y, -4*y + 5 = -t. List the prime factors of y.
2
Let y be 1 - -2 - -3 - 1. Let f = y - 6. Let q(u) = u**2 + 1. List the prime factors of q(f).
2
Let p = 1 + 1. Let h(u) = u - 6*u**2 - u**3 + p*u**3 - 3 - u**2. What are the prime factors of h(7)?
2
Let k = 97 + 46. List the prime factors of k.
11, 13
Suppose 65 = -2*l + 5*l - 4*u, 4*l + 4*u = 40. Let x(s) = -11*s**3 + s. Let j be x(1). Let b = j + l. List the prime factors of b.
5
Suppose 5*l - 105 - 125 = 0. What are the prime factors of l?
2, 23
Suppose -p + 4*p + 4*k = 55, 0 = 2*p + 2*k - 38. List the prime factors of p.
3, 7
Let l(b) be the second derivative of b**4/3 + 2*b**3/3 - 3*b**2/2 - b. List the prime factors of l(2).
3, 7
Suppose -2*p - 3 = p. Let g be 1/(p + 4)*3. Suppose -5*m - 4*c + 24 = 0, 3*c + 2 = m + g. What are the prime factors of m?
2
Let t(j) = 23*j**3 - j**2. Let c be t(-1). What are the prime factors of c/(-9) + 1/3?
3
Let o(n) = 5*n**2 - n. Suppose 2*d = 4*m - 14, 4*m - 26 = -2*d - 0*m. Let z be (2 + -1)/(4 - d). What are the prime factors of o(z)?
2
Let j(g) = -g**3 + 6*g**2 - 3*g - 6. Let m(v) = -6*v**3 + v. Suppose t + 4*t + 5 = 0. Let i be m(t). What are the prime factors of j(i)?
2
List the prime factors of 1/((-12)/824*2/(-3)).
103
Suppose 2*x - a = 8, 5*x + 11 = 3*a + 32. What are the prime factors of x?
3
Suppose 3*m = -2*m + 3*v + 4, 2*m + 4*v - 12 = 0. Suppose -m*x = 3*x + 50. Let p = x - -21. What are the prime factors of p?
11
Let h(g) = -g**3 - 2*g**2 + g - 2. Let o = 5 + -8. List the prime factors of h(o).
2
Let v(q) = -3*q - 4 - 3 - 4 + 2. Let b be v(-7). Suppose 2*h = h - 3*f + 11, h + 4*f - b = 0. List the prime factors of h.
2
Let j(v) be the second derivative of -v**3/6 + v**2/2 + v. Let t be j(-4). Suppose t*l - 24 - 16 = 0. What are the prime factors of l?
2
Let f be (-10)/(-45) + (-16)/(-9). Suppose -f*r = 2*r + 12, -s + 16 = -4*r. List the prime factors of s.
2
Let o be (2 - 0 - 2)/1. Suppose -z - 37 = -2*r, 19 = 2*r - o*r + 5*z. What are the prime factors of r?
17
Let x = -28 - -42. Let k = x - -12. List the prime factors of k.
2, 13
Let z(k) = -k + 252. Let r be z(0). Suppose 32 = -5*i + r. What are the prime factors of i?
2, 11
Let q = -5 + 7. Let z = 4 - q. Suppose 5*y - 8 = z. List the prime factors of y.
2
Suppose -10 = 5*v - 260. What are the prime factors of v?
2, 5
Suppose -z + 4*z + t = 9, 4*t = 2*z - 6. Suppose -z = -g - 2*g. List the prime factors of (-1 + 2)*14*g.
2, 7
Suppose 0 = -3*o + 7*o - 4. List the prime factors of 18 + -1 + 3 - o.
19
Let h(s) = s**3 - 6*s**2 - 7*s + 7. Let l be h(7). Let d(m) = -m**3 + 6*m**2 + 9*m - 5. What are the prime factors of d(l)?
3
Let t be 5*6/(-45)*-6. Let f = 15 - t. Let v = 17 - f. What are the prime factors of v?
2, 3
Let v = -88 - -93. List the prime factors of v.
5
Suppose 2*a + 3*a = 135. What are the prime factors of -3 + a + 3 + -2?
5
Suppose 5*k = 3*d + 5, -3*k + d = -7 - 0. Let o(v) = 3 + 4*v + 2*v**2 + 2*v**2 - 5*v**2. What are the prime factors of o(k)?
3
Let p(d) = d**2 + 34. What are the prime factors of p(0)?
2, 17
Let d(q) = -5*q + 3. Let h(i) = -2*i + 1. Let n(p) = -6*d(p) + 13*h(p). Let b be n(-4). Let w = b + 32. What are the prime factors of w?
11
Suppose -3*d = -4*h + 50, -3*d + 0*d = h - 5. List the prime factors of h.
11
Let m be 1/(-4) + (-37)/(-4). Suppose 4*s + m = -7. Let k(g) = -g**3 - 5*g**2 - 5*g. List the prime factors of k(s).
2
Let l(a) = 6*a**2 + 2*a. Suppose 2*x - x + 2 = 0. Let w be l(x). Let j = w + -12. What are the prime factors of j?
2
Suppose -20 = 2*k + 2*s - 390, -4*k = 2*s - 738. What are the prime factors of k?
2, 23
Let l = 430 + -285. Suppose -4*d + 15 = -l. What are the prime factors of d?
2, 5
Suppose 2*p + 912 = 4*m, -2*m + 2*p + 448 = 3*p. What are the prime factors of m?
2, 113
Le